{"id":405,"date":"2025-10-03T16:52:36","date_gmt":"2025-10-03T16:52:36","guid":{"rendered":"https:\/\/manelmoles.net\/?page_id=405"},"modified":"2025-10-03T16:52:36","modified_gmt":"2025-10-03T16:52:36","slug":"xerrades","status":"publish","type":"page","link":"https:\/\/manelmoles.net\/?page_id=405","title":{"rendered":"Xerrades"},"content":{"rendered":"\n<p>He preparat una xerrada sobre:<\/p>\n\n\n\n<p class=\"has-medium-font-size\"><strong>Com relacionar-te amb el teu infant per a potenciar el seu desenvolupament cognitiu, emocional i social<\/strong><\/p>\n\n\n\n<p>Encara li manca una mica de rodatge a aquesta xerrada, o sigui que per ara l&#8217;ofereixo gratu\u00eftament per la zona del Baix Llobregat Nord i voltants.<\/p>\n\n\n\n<p>\u00c9s una xerrada pensada per a pares i mares de nens i nenes de I0 a I2 i tamb\u00e9 per a futurs pares, encara que es pot adaptar per a prim\u00e0ria o fins i tot per a secund\u00e0ria. <\/p>\n","protected":false},"excerpt":{"rendered":"<p>He preparat una xerrada sobre: Com relacionar-te amb el teu infant per a potenciar el seu desenvolupament cognitiu, emocional i social Encara li manca una mica de rodatge a aquesta xerrada, o sigui que per ara l&#8217;ofereixo gratu\u00eftament per la zona del Baix Llobregat Nord i voltants. \u00c9s una xerrada pensada per a pares i &hellip; <a href=\"https:\/\/manelmoles.net\/?page_id=405\" class=\"more-link\">Continua la lectura de <span class=\"screen-reader-text\">Xerrades<\/span> <span class=\"meta-nav\">&rarr;<\/span><\/a><\/p>\n","protected":false},"author":1,"featured_media":0,"parent":0,"menu_order":0,"comment_status":"closed","ping_status":"closed","template":"","meta":{"spay_email":"","footnotes":""},"jetpack_sharing_enabled":true,"jetpack_shortlink":"https:\/\/wp.me\/P7VobJ-6x","_links":{"self":[{"href":"https:\/\/manelmoles.net\/index.php?rest_route=\/wp\/v2\/pages\/405"}],"collection":[{"href":"https:\/\/manelmoles.net\/index.php?rest_route=\/wp\/v2\/pages"}],"about":[{"href":"https:\/\/manelmoles.net\/index.php?rest_route=\/wp\/v2\/types\/page"}],"author":[{"embeddable":true,"href":"https:\/\/manelmoles.net\/index.php?rest_route=\/wp\/v2\/users\/1"}],"replies":[{"embeddable":true,"href":"https:\/\/manelmoles.net\/index.php?rest_route=%2Fwp%2Fv2%2Fcomments&post=405"}],"version-history":[{"count":1,"href":"https:\/\/manelmoles.net\/index.php?rest_route=\/wp\/v2\/pages\/405\/revisions"}],"predecessor-version":[{"id":406,"href":"https:\/\/manelmoles.net\/index.php?rest_route=\/wp\/v2\/pages\/405\/revisions\/406"}],"wp:attachment":[{"href":"https:\/\/manelmoles.net\/index.php?rest_route=%2Fwp%2Fv2%2Fmedia&parent=405"}],"curies":[{"name":"wp","href":"https:\/\/api.w.org\/{rel}","templated":true}]}}